the prime factors of 5443823.
7, 11, 19, 61
What are the prime factors of 881642?
2, 440821
List the prime factors of 3554721.
3, 394969
What are the prime factors of 12710197?
12710197
List the prime factors of 180638.
2, 181, 499
List the prime factors of 43803067.
7, 11, 17, 109, 307
List the prime factors of 44679.
3, 53, 281
What are the prime factors of 801439?
19, 42181
What are the prime factors of 145724?
2, 17, 2143
List the prime factors of 195991.
195991
What are the prime factors of 911791?
19, 37, 1297
List the prime factors of 1071147.
3, 7, 11, 4637
List the prime factors of 239218.
2, 7, 2441
List the prime factors of 1016215.
5, 19, 563
List the prime factors of 826692.
2, 3, 68891
List the prime factors of 13947693.
3, 4649231
List the prime factors of 2211388.
2, 552847
What are the prime factors of 1109648?
2, 223, 311
List the prime factors of 2227035.
3, 5, 148469
List the prime factors of 1225373.
1225373
What are the prime factors of 25786514?
2, 13, 53, 18713
What are the prime factors of 3499996?
2, 47, 18617
List the prime factors of 15398627.
15398627
List the prime factors of 5838504.
2, 3, 7, 23, 1511
List the prime factors of 1447665.
3, 5, 103, 937
What are the prime factors of 2444?
2, 13, 47
List the prime factors of 2467944.
2, 3, 151, 227
List the prime factors of 199244.
2, 49811
What are the prime factors of 20334736?
2, 367, 3463
List the prime factors of 4809168.
2, 3, 7, 13, 367
List the prime factors of 5175500.
2, 5, 11, 941
What are the prime factors of 27467986?
2, 7, 13, 37, 4079
List the prime factors of 16687.
11, 37, 41
What are the prime factors of 328429?
328429
What are the prime factors of 17829?
3, 7, 283
List the prime factors of 3218186.
2, 37, 157, 277
List the prime factors of 256608.
2, 3, 11
List the prime factors of 886206.
2, 3, 127, 1163
What are the prime factors of 11633793?
3, 241, 16091
What are the prime factors of 8288580?
2, 3, 5, 138143
What are the prime factors of 2241432?
2, 3, 1153
What are the prime factors of 1060284?
2, 3, 149, 593
What are the prime factors of 2493165?
3, 5, 71, 2341
What are the prime factors of 1416794?
2, 113, 6269
List the prime factors of 5800990.
2, 5, 13, 44623
List the prime factors of 651726.
2, 3, 149
List the prime factors of 114455.
5, 11, 2081
List the prime factors of 188636.
2, 7, 6737
What are the prime factors of 3050169?
3, 37, 27479
What are the prime factors of 69923?
7, 1427
What are the prime factors of 5897511?
3, 241, 2719
What are the prime factors of 708533?
7, 127, 797
List the prime factors of 130641.
3, 7, 6221
List the prime factors of 3306485.
5, 7, 13, 43
What are the prime factors of 207405?
3, 5, 11, 419
List the prime factors of 316154.
2, 158077
What are the prime factors of 3750311?
23, 41, 97
List the prime factors of 948871.
7, 11, 12323
List the prime factors of 1547480.
2, 5, 11, 3517
List the prime factors of 283206.
2, 3, 7, 11, 613
What are the prime factors of 114630?
2, 3, 5, 3821
List the prime factors of 1357575.
3, 5, 23, 787
List the prime factors of 2012727.
3, 19, 35311
What are the prime factors of 1481298?
2, 3, 7, 13, 2713
List the prime factors of 5080927.
359, 14153
What are the prime factors of 551076?
2, 3, 19, 2417
List the prime factors of 277591.
89, 3119
What are the prime factors of 130822?
2, 149, 439
List the prime factors of 6605243.
29, 239, 953
List the prime factors of 48083.
7, 6869
List the prime factors of 203767.
203767
List the prime factors of 107101.
107101
List the prime factors of 532442.
2, 266221
List the prime factors of 14812781.
14812781
What are the prime factors of 2003000?
2, 5, 2003
List the prime factors of 139489.
7, 19927
List the prime factors of 352184.
2, 7, 19, 331
What are the prime factors of 12696?
2, 3, 23
List the prime factors of 202058.
2, 31, 3259
What are the prime factors of 7729024?
2, 60383
List the prime factors of 3910964.
2, 47, 71, 293
List the prime factors of 2209287.
3, 736429
What are the prime factors of 20521529?
7, 2931647
What are the prime factors of 1040863?
211, 4933
What are the prime factors of 132826?
2, 66413
List the prime factors of 153078.
2, 3, 31, 823
List the prime factors of 399433.
399433
List the prime factors of 130882.
2, 31, 2111
List the prime factors of 135333.
3, 11, 1367
List the prime factors of 193896.
2, 3, 2693
List the prime factors of 4770407.
23, 207409
List the prime factors of 299362.
2, 7, 21383
List the prime factors of 7071.
3, 2357
List the prime factors of 336402.
2, 3, 11, 1699
What are the prime factors of 30494?
2, 79, 193
List the prime factors of 165445.
5, 7, 29, 163
What are the prime factors of 14026133?
11, 89, 14327
List the prime factors of 1329943.
19, 69997
List the prime factors of 1485616.
2, 11, 23, 367
List the prime factors of 908125.
5, 1453
List the prime factors of 4442271.
3, 1480757
What are the prime factors of 6174655?
5, 17, 72643
What are the prime factors of 1121653?
13, 6637
What are the prime factors of 623936?
2, 9749
List the prime factors of 287466.
2, 3, 47911
List the prime factors of 336215.
5, 11, 6113
List the prime factors of 596542.
2, 71, 4201
List the prime factors of 996943.
359, 2777
What are the prime factors of 340924?
2, 29, 2939
List the prime factors of 1470197.
71, 20707
List the prime factors of 275792.
2, 11, 1567
List the prime factors of 2012036.
2, 13, 38693
What are the prime factors of 9431304?
2, 3, 157, 2503
What are the prime factors of 2654646?
2, 3, 59, 7499
What are the prime factors of 2509428?
2, 3, 29, 7211
What are the prime factors of 2111545?
5, 422309
List the prime factors of 9833974.
2, 317, 15511
List the prime factors of 1006377.
3, 335459
What are the prime factors of 481795?
5, 167, 577
List the prime factors of 245176.
2, 19, 1613
What are the prime factors of 990309?
3, 330103
List the prime factors of 7781256.
2, 3, 7, 15439
List the prime factors of 59967.
3, 2221
List the prime factors of 381535.
5, 7, 11, 991
What are the prime factors of 617583?
3, 41, 5021
List the prime factors of 92161.
23, 4007
List the prime factors of 276688.
2, 17293
List the prime factors of 1739034.
2, 3, 11, 8783
List the prime factors of 10922449.
17, 193, 3329
List the prime factors of 388443.
3, 11, 79, 149
List the prime factors of 1214734.
2, 491, 1237
List the prime factors of 403690.
2, 5, 7, 73, 79
What are the prime factors of 4066069?
7, 82981
What are the prime factors of 1400009?
13, 107693
What are the prime factors of 348760?
2, 5, 8719
List the prime factors of 331706.
2, 23, 7211
List the prime factors of 12532399.
11, 1139309
List the prime factors of 826772.
2, 139, 1487
List the prime factors of 1349329.
89, 15161
What are the prime factors of 4398946?
2, 1259, 1747
What are the prime factors of 7510500?
2, 3, 5, 1669
List the prime factors of 1427977.
59, 24203
What are the prime factors of 676079?
31, 113, 193
What are the prime factors of 1114234?
2, 11, 50647
What are the prime factors of 1653259?
1653259
List the prime factors of 10411338.
2, 3, 7, 247889
What are the prime factors of 1007844?
2, 3, 83987
What are the prime factors of 2930734?
2, 1465367
List the prime factors of 3419551.
659, 5189
What are the prime factors of 1518554?
2, 37, 20521
What are the prime factors of 4356727?
4356727
What are the prime factors of 2203401?
3, 83, 8849
List the prime factors of 35813697.
3, 131, 91129
What are the prime factors of 1488260?
2, 5, 74413
What are the prime factors of 8431311?
3, 7, 43, 9337
What are the prime factors of 5030211?
3, 73, 103, 223
List the prime factors of 6221462.
2, 13, 239287
List the prime factors of 2139608.
2, 267451
What are the prime factors of 2383240?
2, 5, 59581
List the prime factors of 318459.
3, 19, 37, 151
List the prime factors of 3885.
3, 5, 7, 37
List the prime factors of 1158116.
2, 419, 691
What are the prime factors of 315848?
2, 13, 3037
What are the prime factors of 796012?
2, 7, 28429
List the prime factors of 88788.
2, 3, 7, 151
What are the prime factors of 1525485?
3, 5, 13, 7823
What are the prime factors of 3357587?
1361, 2467
List the prime factors of 341638.
2, 11, 53, 293
What are the prime factors of 6871313?
41, 167593
What are the prime factors of 402189